ate the remainder when 1334 is divided by 64.
54
What is the remainder when 182 is divided by 19?
11
What is the remainder when 22 is divided by 5?
2
Calculate the remainder when 4973 is divided by 88.
45
What is the remainder when 163 is divided by 45?
28
What is the remainder when 165 is divided by 10?
5
What is the remainder when 4448 is divided by 106?
102
Calculate the remainder when 616 is divided by 138.
64
What is the remainder when 1632 is divided by 149?
142
Calculate the remainder when 2896 is divided by 964.
4
What is the remainder when 170 is divided by 106?
64
What is the remainder when 159 is divided by 69?
21
What is the remainder when 307 is divided by 103?
101
Calculate the remainder when 869 is divided by 58.
57
Calculate the remainder when 82 is divided by 44.
38
What is the remainder when 69 is divided by 66?
3
Calculate the remainder when 1960 is divided by 53.
52
What is the remainder when 151 is divided by 122?
29
Calculate the remainder when 268 is divided by 18.
16
What is the remainder when 3484 is divided by 17?
16
What is the remainder when 749 is divided by 18?
11
What is the remainder when 75 is divided by 3?
0
What is the remainder when 601 is divided by 86?
85
What is the remainder when 916 is divided by 115?
111
What is the remainder when 1389 is divided by 13?
11
What is the remainder when 80 is divided by 77?
3
Calculate the remainder when 823 is divided by 145.
98
Calculate the remainder when 358 is divided by 72.
70
Calculate the remainder when 10505 is divided by 12.
5
What is the remainder when 1453 is divided by 73?
66
Calculate the remainder when 1393 is divided by 460.
13
What is the remainder when 654 is divided by 180?
114
What is the remainder when 2123 is divided by 28?
23
What is the remainder when 1342 is divided by 133?
12
What is the remainder when 48 is divided by 13?
9
What is the remainder when 653 is divided by 41?
38
What is the remainder when 1654 is divided by 18?
16
Calculate the remainder when 167 is divided by 13.
11
What is the remainder when 189 is divided by 38?
37
Calculate the remainder when 54 is divided by 19.
16
What is the remainder when 1873 is divided by 277?
211
What is the remainder when 555 is divided by 92?
3
What is the remainder when 389 is divided by 8?
5
What is the remainder when 245 is divided by 12?
5
What is the remainder when 138 is divided by 14?
12
Calculate the remainder when 98 is divided by 3.
2
What is the remainder when 578 is divided by 5?
3
Calculate the remainder when 433 is divided by 26.
17
What is the remainder when 884 is divided by 74?
70
What is the remainder when 374 is divided by 75?
74
What is the remainder when 499 is divided by 184?
131
Calculate the remainder when 347 is divided by 108.
23
What is the remainder when 1039 is divided by 130?
129
Calculate the remainder when 184 is divided by 10.
4
What is the remainder when 895 is divided by 291?
22
What is the remainder when 3104 is divided by 21?
17
Calculate the remainder when 34 is divided by 8.
2
Calculate the remainder when 664 is divided by 215.
19
What is the remainder when 327 is divided by 66?
63
Calculate the remainder when 249 is divided by 14.
11
What is the remainder when 412 is divided by 135?
7
Calculate the remainder when 2352 is divided by 107.
105
Calculate the remainder when 172 is divided by 38.
20
Calculate the remainder when 15957 is divided by 56.
53
What is the remainder when 160 is divided by 43?
31
What is the remainder when 1394 is divided by 395?
209
What is the remainder when 1676 is divided by 99?
92
What is the remainder when 1878 is divided by 81?
15
Calculate the remainder when 519 is divided by 36.
15
Calculate the remainder when 691 is divided by 297.
97
What is the remainder when 265 is divided by 17?
10
What is the remainder when 338 is divided by 10?
8
Calculate the remainder when 50 is divided by 48.
2
Calculate the remainder when 257 is divided by 7.
5
What is the remainder when 746 is divided by 72?
26
What is the remainder when 9898 is divided by 132?
130
Calculate the remainder when 209 is divided by 35.
34
Calculate the remainder when 220 is divided by 38.
30
Calculate the remainder when 3135 is divided by 3129.
6
What is the remainder when 130 is divided by 2?
0
What is the remainder when 117 is divided by 10?
7
What is the remainder when 189 is divided by 39?
33
What is the remainder when 5553 is divided by 55?
53
What is the remainder when 304 is divided by 27?
7
Calculate the remainder when 75 is divided by 5.
0
What is the remainder when 170 is divided by 34?
0
Calculate the remainder when 21 is divided by 2.
1
What is the remainder when 39 is divided by 9?
3
What is the remainder when 334 is divided by 42?
40
What is the remainder when 622 is divided by 25?
22
Calculate the remainder when 430 is divided by 18.
16
Calculate the remainder when 1090 is divided by 14.
12
Calculate the remainder when 659 is divided by 191.
86
What is the remainder when 126 is divided by 22?
16
What is the remainder when 158 is divided by 24?
14
Calculate the remainder when 153 is divided by 92.
61
Calculate the remainder when 405 is divided by 58.
57
What is the remainder when 21573 is divided by 248?
245
What is the remainder when 5009 is divided by 28?
25
What is the remainder when 299 is divided by 104?
91
Calculate the remainder when 1544 is divided by 7.
4
What is the remainder when 404 is divided by 14?
12
What is the remainder when 2743 is divided by 913?
4
Calculate the remainder when 204 is divided by 75.
54
Calculate the remainder when 1716 is divided by 557.
45
Calculate the remainder when 9150 is divided by 8.
6
Calculate the remainder when 92 is divided by 59.
33
Calculate the remainder when 4021 is divided by 66.
61
Calculate the remainder when 367 is divided by 17.
10
Calculate the remainder when 70 is divided by 24.
22
Calculate the remainder when 367 is divided by 88.
15
What is the remainder when 217 is divided by 47?
29
What is the remainder when 8399 is divided by 25?
24
What is the remainder when 181 is divided by 7?
6
What is the remainder when 215 is divided by 33?
17
What is the remainder when 231 is divided by 75?
6
Calculate the remainder when 118 is divided by 42.
34
Calculate the remainder when 43 is divided by 31.
12
Calculate the remainder when 1931 is divided by 88.
83
What is the remainder when 149 is divided by 54?
41
What is the remainder when 299 is divided by 90?
29
What is the remainder when 115 is divided by 13?
11
What is the remainder when 25068 is divided by 8353?
9
What is the remainder when 68 is divided by 20?
8
Calculate the remainder when 1411 is divided by 263.
96
Calculate the remainder when 322 is divided by 9.
7
What is the remainder when 2756 is divided by 14?
12
What is the remainder when 50 is divided by 26?
24
What is the remainder when 8337 is divided by 50?
37
What is the remainder when 2481 is divided by 73?
72
Calculate the remainder when 773 is divided by 345.
83
What is the remainder when 593 is divided by 118?
3
What is the remainder when 352 is divided by 349?
3
Calculate the remainder when 687 is divided by 46.
43
Calculate the remainder when 429 is divided by 90.
69
Calculate the remainder when 949 is divided by 120.
109
Calculate the remainder when 188 is divided by 32.
28
Calculate the remainder when 687 is divided by 10.
7
What is the remainder when 836 is divided by 142?
126
What is the remainder when 233 is divided by 63?
44
What is the remainder when 144 is divided by 26?
14
What is the remainder when 2857 is divided by 55?
52
What is the remainder when 1818 is divided by 226?
10
What is the remainder when 857 is divided by 272?
41
Calculate the remainder when 129 is divided by 28.
17
Calculate the remainder when 11728 is divided by 69.
67
What is the remainder when 616 is divided by 15?
1
What is the remainder when 928 is divided by 93?
91
What is the remainder when 1951 is divided by 122?
121
What is the remainder when 138 is divided by 3?
0
Calculate the remainder when 8 is divided by 4.
0
What is the remainder when 340 is divided by 49?
46
What is the remainder when 60 is divided by 36?
24
What is the remainder when 6541 is divided by 131?
122
What is the remainder when 363 is divided